{"id":36,"date":"2015-09-07T13:11:22","date_gmt":"2015-09-07T11:11:22","guid":{"rendered":"http:\/\/www.fagforbundet468.com\/portal\/?page_id=36"},"modified":"2015-10-12T20:17:10","modified_gmt":"2015-10-12T18:17:10","slug":"leilighet","status":"publish","type":"page","link":"https:\/\/www.fagforbundet468.com\/portal\/leilighet\/","title":{"rendered":"Leilighet"},"content":{"rendered":"<p><img data-recalc-dims=\"1\" loading=\"lazy\" decoding=\"async\" data-attachment-id=\"105\" data-permalink=\"https:\/\/www.fagforbundet468.com\/portal\/leilighet\/raasali\/\" data-orig-file=\"https:\/\/i0.wp.com\/www.fagforbundet468.com\/portal\/wp-content\/uploads\/raasali.jpg?fit=900%2C600&amp;ssl=1\" data-orig-size=\"900,600\" data-comments-opened=\"1\" data-image-meta=\"{&quot;aperture&quot;:&quot;0&quot;,&quot;credit&quot;:&quot;&quot;,&quot;camera&quot;:&quot;&quot;,&quot;caption&quot;:&quot;&quot;,&quot;created_timestamp&quot;:&quot;0&quot;,&quot;copyright&quot;:&quot;&quot;,&quot;focal_length&quot;:&quot;0&quot;,&quot;iso&quot;:&quot;0&quot;,&quot;shutter_speed&quot;:&quot;0&quot;,&quot;title&quot;:&quot;&quot;,&quot;orientation&quot;:&quot;0&quot;}\" data-image-title=\"raasali\" data-image-description=\"\" data-image-caption=\"\" data-medium-file=\"https:\/\/i0.wp.com\/www.fagforbundet468.com\/portal\/wp-content\/uploads\/raasali.jpg?fit=300%2C200&amp;ssl=1\" data-large-file=\"https:\/\/i0.wp.com\/www.fagforbundet468.com\/portal\/wp-content\/uploads\/raasali.jpg?fit=900%2C600&amp;ssl=1\" class=\"alignleft wp-image-105\" src=\"https:\/\/i0.wp.com\/www.fagforbundet468.com\/portal\/wp-content\/uploads\/raasali.jpg?resize=209%2C139\" alt=\"raasali\" width=\"209\" height=\"139\" srcset=\"https:\/\/i0.wp.com\/www.fagforbundet468.com\/portal\/wp-content\/uploads\/raasali.jpg?resize=300%2C200&amp;ssl=1 300w, https:\/\/i0.wp.com\/www.fagforbundet468.com\/portal\/wp-content\/uploads\/raasali.jpg?w=900&amp;ssl=1 900w\" sizes=\"auto, (max-width: 209px) 100vw, 209px\" \/>Fagforbundet Avd. 468 har en flott leilighet p\u00e5 ved V\u00e5gslid p\u00e5 Haukelifjell som vi leier ut til v\u00e5re medlemmer. Leiligheten ligger flott plassert i alpinbakken med flott utsikt ut over hele dalen der det bare er \u00e5 spenne p\u00e5 seg langrenn eller alpint ski og nyte l\u00f8ypene.<\/p>\n<p>Leiligheten er utstyrt med det man trenger for \u00e5 f\u00e5 en vellykket helg eller ferie p\u00e5 Haukelifjell. Noe av det som finnes i leiligheten er:<\/p>\n<p>&#8211; Kabel -tv<br \/>\n&#8211; Internett<br \/>\n&#8211; Badstue<br \/>\n&#8211; 8 sengeplasser<br \/>\n&#8211; Parkering i fjellhall ( kun 1 bil)<\/p>\n<ul>\n<li><a href=\"http:\/\/www.fagforbundet468.com\/portal\/leilighet\/leie-leilighet\/\">Leie leilighet?<\/a><\/li>\n<li><a href=\"http:\/\/www.fagforbundet468.com\/portal\/leilighet\/for-du-reiser\/\">F\u00f8r du reiser<\/a><\/li>\n<li><a href=\"http:\/\/www.fagforbundet468.com\/portal\/leilighet\/reglervedtekter\/\">Regler\/Vedtekter<\/a><\/li>\n<li><a href=\"http:\/\/www.fagforbundet468.com\/portal\/leilighet\/bilder\/\">Bilder<\/a><\/li>\n<\/ul>\n<p>&nbsp;<\/p>\n","protected":false},"excerpt":{"rendered":"<p>Fagforbundet Avd. 468 har en flott leilighet p\u00e5 ved V\u00e5gslid p\u00e5 Haukelifjell som vi leier ut til v\u00e5re medlemmer. Leiligheten ligger flott plassert i alpinbakken&#8230;<\/p>\n","protected":false},"author":2,"featured_media":0,"parent":0,"menu_order":7,"comment_status":"closed","ping_status":"closed","template":"","meta":{"jetpack_post_was_ever_published":false,"footnotes":""},"class_list":["post-36","page","type-page","status-publish","hentry"],"jetpack_sharing_enabled":true,"jetpack_shortlink":"https:\/\/wp.me\/P173ho-A","jetpack-related-posts":[{"id":54,"url":"https:\/\/www.fagforbundet468.com\/portal\/leilighet\/reglervedtekter\/","url_meta":{"origin":36,"position":0},"title":"Vedtekter og Priser","author":"Idar \u00c5dnesen","date":"13. september 2015","format":false,"excerpt":"Leiligheten p\u00e5 V\u00e5gslid eies av medlemmene i Fagforbundet Avd. 468 og er underlagt \u00e5rsm\u00f8te i foreningen. Om man \u00f8nsker endring av regler\/vedtekter m\u00e5 dette stemmes over p\u00e5 et \u00e5rsm\u00f8te. Bruk av leiligheten: Leiligheten er beregnet til bruk for medlemmer sammen med familie\/venner. Det forutsettes at de som f\u00e5r tildelt leiligheten\u2026","rel":"","context":"Liknende innlegg","block_context":{"text":"Liknende innlegg","link":""},"img":{"alt_text":"","src":"","width":0,"height":0},"classes":[]},{"id":56,"url":"https:\/\/www.fagforbundet468.com\/portal\/leilighet\/for-du-reiser\/","url_meta":{"origin":36,"position":1},"title":"F\u00f8r du reiser","author":"Idar \u00c5dnesen","date":"13. september 2015","format":false,"excerpt":"N\u00e5r du har f\u00e5tt tildelt v\u00e5r leilighet p\u00e5 V\u00e5gslid er det diverse sm\u00e5ting som m\u00e5 sjekkes\/ordnes f\u00f8r du reiser. N\u00f8kkel hentes og leveres etter avtale. Er det noe som skal fraktes opp? Lurt \u00e5 ta med: senget\u00f8y, h\u00e5ndkl\u00e6r, toalettpapir og ved\/briketter til eget bruk. T-lys, kaffe\/te, krydder, mel, t\u00f8rkerull, mat\u2026","rel":"","context":"Liknende innlegg","block_context":{"text":"Liknende innlegg","link":""},"img":{"alt_text":"","src":"","width":0,"height":0},"classes":[]},{"id":1103,"url":"https:\/\/www.fagforbundet468.com\/portal\/leilighet\/leie-2\/","url_meta":{"origin":36,"position":2},"title":"S\u00f8knad om leie av leilighet","author":"Idar \u00c5dnesen","date":"29. januar 2025","format":false,"excerpt":"","rel":"","context":"Liknende innlegg","block_context":{"text":"Liknende innlegg","link":""},"img":{"alt_text":"","src":"","width":0,"height":0},"classes":[]},{"id":52,"url":"https:\/\/www.fagforbundet468.com\/portal\/leilighet\/bilder\/","url_meta":{"origin":36,"position":3},"title":"Bilder","author":"Idar \u00c5dnesen","date":"13. september 2015","format":false,"excerpt":"\u00a0","rel":"","context":"Liknende innlegg","block_context":{"text":"Liknende innlegg","link":""},"img":{"alt_text":"","src":"","width":0,"height":0},"classes":[]},{"id":29,"url":"https:\/\/www.fagforbundet468.com\/portal\/ungdom\/","url_meta":{"origin":36,"position":4},"title":"Ungdom","author":"Idar \u00c5dnesen","date":"7. september 2015","format":false,"excerpt":"Fagforbundet er Norges og LOs st\u00f8rste arbeidstakerorganisasjon med om lag 340.000 medlemmer. Fagforbundet organiserer arbeidstakere i kommunale, fylkeskommunale, private og offentlige virksomheter. Fagforbundet Ungdom er ungdomsorganiseringen til Fagforbundet. Nesten 35.000 av Fagforbundets medlemmer er 30 \u00e5r eller yngre - enten de er yrkesaktive, elever, l\u00e6rlinger og studenter. Fagforbundet trenger ungdom\u2026","rel":"","context":"Liknende innlegg","block_context":{"text":"Liknende innlegg","link":""},"img":{"alt_text":"","src":"","width":0,"height":0},"classes":[]},{"id":31,"url":"https:\/\/www.fagforbundet468.com\/portal\/pensjonist\/","url_meta":{"origin":36,"position":5},"title":"Pensjonist","author":"Idar \u00c5dnesen","date":"7. september 2015","format":false,"excerpt":"Fagforbundet avd. 468 har en egen pensjonistforening som treffes for sosialt og nyttig p\u00e5fyll av informasjon flere ganger i \u00e5ret. Pensjonistkontakten i foreningen er fullverdig styremedlem og er pensjonistenes lange arm inn i styret. M\u00f8tedatoer 2022 for pensjonistforeningen finner du her Pensjonistforeningen pr\u00f8ver ogs\u00e5 \u00e5 arrangere turer hvert \u00e5r der\u2026","rel":"","context":"Liknende innlegg","block_context":{"text":"Liknende innlegg","link":""},"img":{"alt_text":"","src":"","width":0,"height":0},"classes":[]}],"_links":{"self":[{"href":"https:\/\/www.fagforbundet468.com\/portal\/wp-json\/wp\/v2\/pages\/36","targetHints":{"allow":["GET"]}}],"collection":[{"href":"https:\/\/www.fagforbundet468.com\/portal\/wp-json\/wp\/v2\/pages"}],"about":[{"href":"https:\/\/www.fagforbundet468.com\/portal\/wp-json\/wp\/v2\/types\/page"}],"author":[{"embeddable":true,"href":"https:\/\/www.fagforbundet468.com\/portal\/wp-json\/wp\/v2\/users\/2"}],"replies":[{"embeddable":true,"href":"https:\/\/www.fagforbundet468.com\/portal\/wp-json\/wp\/v2\/comments?post=36"}],"version-history":[{"count":12,"href":"https:\/\/www.fagforbundet468.com\/portal\/wp-json\/wp\/v2\/pages\/36\/revisions"}],"predecessor-version":[{"id":117,"href":"https:\/\/www.fagforbundet468.com\/portal\/wp-json\/wp\/v2\/pages\/36\/revisions\/117"}],"wp:attachment":[{"href":"https:\/\/www.fagforbundet468.com\/portal\/wp-json\/wp\/v2\/media?parent=36"}],"curies":[{"name":"wp","href":"https:\/\/api.w.org\/{rel}","templated":true}]}}