{"id":23,"date":"2015-09-07T13:08:29","date_gmt":"2015-09-07T11:08:29","guid":{"rendered":"http:\/\/www.fagforbundet468.com\/portal\/?page_id=23"},"modified":"2025-12-20T20:02:07","modified_gmt":"2025-12-20T19:02:07","slug":"ska","status":"publish","type":"page","link":"https:\/\/www.fagforbundet468.com\/portal\/seksjoner\/ska\/","title":{"rendered":"KA"},"content":{"rendered":"<p><a href=\"https:\/\/i0.wp.com\/www.fagforbundet468.com\/portal\/wp-content\/uploads\/ska_tekst.jpg\"><img data-recalc-dims=\"1\" loading=\"lazy\" decoding=\"async\" data-attachment-id=\"78\" data-permalink=\"https:\/\/www.fagforbundet468.com\/portal\/testside\/ska_tekst\/\" data-orig-file=\"https:\/\/i0.wp.com\/www.fagforbundet468.com\/portal\/wp-content\/uploads\/ska_tekst.jpg?fit=132%2C132&amp;ssl=1\" data-orig-size=\"132,132\" data-comments-opened=\"1\" data-image-meta=\"{&quot;aperture&quot;:&quot;0&quot;,&quot;credit&quot;:&quot;&quot;,&quot;camera&quot;:&quot;&quot;,&quot;caption&quot;:&quot;&quot;,&quot;created_timestamp&quot;:&quot;0&quot;,&quot;copyright&quot;:&quot;&quot;,&quot;focal_length&quot;:&quot;0&quot;,&quot;iso&quot;:&quot;0&quot;,&quot;shutter_speed&quot;:&quot;0&quot;,&quot;title&quot;:&quot;&quot;,&quot;orientation&quot;:&quot;0&quot;}\" data-image-title=\"ska_tekst\" data-image-description=\"\" data-image-caption=\"\" data-medium-file=\"https:\/\/i0.wp.com\/www.fagforbundet468.com\/portal\/wp-content\/uploads\/ska_tekst.jpg?fit=132%2C132&amp;ssl=1\" data-large-file=\"https:\/\/i0.wp.com\/www.fagforbundet468.com\/portal\/wp-content\/uploads\/ska_tekst.jpg?fit=132%2C132&amp;ssl=1\" class=\"alignleft size-full wp-image-78\" src=\"https:\/\/i0.wp.com\/www.fagforbundet468.com\/portal\/wp-content\/uploads\/ska_tekst.jpg?resize=132%2C132\" alt=\"ska_tekst\" width=\"132\" height=\"132\" \/><\/a>SKA er en av Fagforbundets fire seksjoner, og har som\u00a0hovedoppgave \u00e5 tilrettelegge for gode faglige og politiske rammer for ut\u00f8velsen til seksjonens yrkesgrupper.<\/p>\n<p>Seksjon kontor og administrasjon organiserer mange ulike yrkesgrupper, blant andre sekret\u00e6rer, arkivarer, IKT- fagarbeidere, r\u00e5dmenn, \u00f8konomer, personalmedarbeider og resepsjonister.<\/p>\n<p>Seksjonen lokalt her eget styre og eget budsjett som brukes til aktiviteter for medlemmene.<\/p>\n<p><strong>Seksjonens leder lokalt: <\/strong>Jeanette Johnsen Schultz,<strong><span data-olk-copy-source=\"MessageBody\"> E-post: <\/span><\/strong><a href=\"_wp_link_placeholder\" data-wplink-edit=\"true\">jeanette.js81@gmail.com<\/a>\u00a0<\/p>\n\n\n<p><\/p>\n","protected":false},"excerpt":{"rendered":"<p>SKA er en av Fagforbundets fire seksjoner, og har som\u00a0hovedoppgave \u00e5 tilrettelegge for gode faglige og politiske rammer for ut\u00f8velsen til seksjonens yrkesgrupper. Seksjon kontor&#8230;<\/p>\n","protected":false},"author":2,"featured_media":0,"parent":21,"menu_order":0,"comment_status":"closed","ping_status":"closed","template":"","meta":{"jetpack_post_was_ever_published":false,"footnotes":""},"class_list":["post-23","page","type-page","status-publish","hentry"],"jetpack_sharing_enabled":true,"jetpack_shortlink":"https:\/\/wp.me\/P173ho-n","jetpack-related-posts":[{"id":25,"url":"https:\/\/www.fagforbundet468.com\/portal\/seksjoner\/sst\/","url_meta":{"origin":23,"position":0},"title":"ST","author":"Idar \u00c5dnesen","date":"7. september 2015","format":false,"excerpt":"SST er en av Fagforbundets fire seksjoner. Seksjonens hovedoppgaver \u00e5 tilrettelegge for gode faglige og politiske rammer for ut\u00f8velsen til seksjonens yrkesgrupper. SST organiserer over 60 000 ansatte i kommunale og private virksomheter nasjonalt og ca. 100 lokalt.\u00a0Den st\u00f8rste gruppa er renholdere og renholdsoperat\u00f8rer, som utgj\u00f8r rundt halvparten av medlemmene\u2026","rel":"","context":"Liknende innlegg","block_context":{"text":"Liknende innlegg","link":""},"img":{"alt_text":"","src":"","width":0,"height":0},"classes":[]},{"id":27,"url":"https:\/\/www.fagforbundet468.com\/portal\/seksjoner\/shs\/","url_meta":{"origin":23,"position":1},"title":"HS","author":"Idar \u00c5dnesen","date":"7. september 2015","format":false,"excerpt":"Seksjon helse og sosial (SHS) er en av Fagforbundets fire seksjoner. Seksjonens hovedoppgaver er \u00e5 tilrettelegge for gode faglige og politiske rammer for seksjonens yrkesgrupper. Seksjonen lokalt her eget styre og eget budsjett som brukes til aktiviteter for medlemmene. Seksjonens leder lokalt: : Monica Normann - E-post: monica.normann@helse-fonna.no","rel":"","context":"Liknende innlegg","block_context":{"text":"Liknende innlegg","link":""},"img":{"alt_text":"","src":"","width":0,"height":0},"classes":[]},{"id":21,"url":"https:\/\/www.fagforbundet468.com\/portal\/seksjoner\/","url_meta":{"origin":23,"position":2},"title":"Yrkesseksjoner","author":"Idar \u00c5dnesen","date":"7. september 2015","format":false,"excerpt":"\u00a0 \u00a0 \u00a0 \u00a0 Fagforbundet er delt inn i 4 yrkesfaglige seksjoner. Seksjonens hovedoppgaver er \u00e5 tilrettelegge for gode faglige og politiske rammer for seksjonens yrkesgrupper. Seksjonene har egne valgte styrer og budsjetter som er fordelt etter antall medlemmer. Mer om v\u00e5re seksjoner finner du under. SosialYrkesseksjon HS Yrkesseksjon ST\u2026","rel":"","context":"Liknende innlegg","block_context":{"text":"Liknende innlegg","link":""},"img":{"alt_text":"","src":"","width":0,"height":0},"classes":[]},{"id":56,"url":"https:\/\/www.fagforbundet468.com\/portal\/leilighet\/for-du-reiser\/","url_meta":{"origin":23,"position":3},"title":"F\u00f8r du reiser","author":"Idar \u00c5dnesen","date":"13. september 2015","format":false,"excerpt":"N\u00e5r du har f\u00e5tt tildelt v\u00e5r leilighet p\u00e5 V\u00e5gslid er det diverse sm\u00e5ting som m\u00e5 sjekkes\/ordnes f\u00f8r du reiser. N\u00f8kkel hentes og leveres etter avtale. Er det noe som skal fraktes opp? Lurt \u00e5 ta med: senget\u00f8y, h\u00e5ndkl\u00e6r, toalettpapir og ved\/briketter til eget bruk. T-lys, kaffe\/te, krydder, mel, t\u00f8rkerull, mat\u2026","rel":"","context":"Liknende innlegg","block_context":{"text":"Liknende innlegg","link":""},"img":{"alt_text":"","src":"","width":0,"height":0},"classes":[]},{"id":2,"url":"https:\/\/www.fagforbundet468.com\/portal\/testside\/","url_meta":{"origin":23,"position":4},"title":"Info","author":"Admin","date":"3. september 2015","format":false,"excerpt":"Fagforbundet er LOs st\u00f8rste forbund, med over 355 000 medlemmer. V\u00e5r\u00a0hovedoppgave er \u00e5 sikre medlemmene gode og trygge l\u00f8nns- og arbeidsvilk\u00e5r. Som landets st\u00f8rste arbeidstakerorganisasjon har vi ogs\u00e5 tyngde og politisk gjennomslagskraft til \u00e5 styrke og videreutvikle velferdsstaten. Fagforbundet organiserer arbeidstakere i kommunale, fylkeskommunale, statlige, private og offentlige virksomheter og\u2026","rel":"","context":"Liknende innlegg","block_context":{"text":"Liknende innlegg","link":""},"img":{"alt_text":"","src":"","width":0,"height":0},"classes":[]},{"id":29,"url":"https:\/\/www.fagforbundet468.com\/portal\/ungdom\/","url_meta":{"origin":23,"position":5},"title":"Ungdom","author":"Idar \u00c5dnesen","date":"7. september 2015","format":false,"excerpt":"Fagforbundet er Norges og LOs st\u00f8rste arbeidstakerorganisasjon med om lag 340.000 medlemmer. Fagforbundet organiserer arbeidstakere i kommunale, fylkeskommunale, private og offentlige virksomheter. Fagforbundet Ungdom er ungdomsorganiseringen til Fagforbundet. Nesten 35.000 av Fagforbundets medlemmer er 30 \u00e5r eller yngre - enten de er yrkesaktive, elever, l\u00e6rlinger og studenter. Fagforbundet trenger ungdom\u2026","rel":"","context":"Liknende innlegg","block_context":{"text":"Liknende innlegg","link":""},"img":{"alt_text":"","src":"","width":0,"height":0},"classes":[]}],"_links":{"self":[{"href":"https:\/\/www.fagforbundet468.com\/portal\/wp-json\/wp\/v2\/pages\/23","targetHints":{"allow":["GET"]}}],"collection":[{"href":"https:\/\/www.fagforbundet468.com\/portal\/wp-json\/wp\/v2\/pages"}],"about":[{"href":"https:\/\/www.fagforbundet468.com\/portal\/wp-json\/wp\/v2\/types\/page"}],"author":[{"embeddable":true,"href":"https:\/\/www.fagforbundet468.com\/portal\/wp-json\/wp\/v2\/users\/2"}],"replies":[{"embeddable":true,"href":"https:\/\/www.fagforbundet468.com\/portal\/wp-json\/wp\/v2\/comments?post=23"}],"version-history":[{"count":8,"href":"https:\/\/www.fagforbundet468.com\/portal\/wp-json\/wp\/v2\/pages\/23\/revisions"}],"predecessor-version":[{"id":1127,"href":"https:\/\/www.fagforbundet468.com\/portal\/wp-json\/wp\/v2\/pages\/23\/revisions\/1127"}],"up":[{"embeddable":true,"href":"https:\/\/www.fagforbundet468.com\/portal\/wp-json\/wp\/v2\/pages\/21"}],"wp:attachment":[{"href":"https:\/\/www.fagforbundet468.com\/portal\/wp-json\/wp\/v2\/media?parent=23"}],"curies":[{"name":"wp","href":"https:\/\/api.w.org\/{rel}","templated":true}]}}