{"id":19,"date":"2015-09-07T13:07:56","date_gmt":"2015-09-07T11:07:56","guid":{"rendered":"http:\/\/www.fagforbundet468.com\/portal\/?page_id=19"},"modified":"2025-12-20T20:00:15","modified_gmt":"2025-12-20T19:00:15","slug":"kontakt","status":"publish","type":"page","link":"https:\/\/www.fagforbundet468.com\/portal\/kontakt\/","title":{"rendered":"Kontakt"},"content":{"rendered":"<p><a href=\"https:\/\/i0.wp.com\/www.fagforbundet468.com\/portal\/wp-content\/uploads\/kontakt_1.jpg\"><img data-recalc-dims=\"1\" loading=\"lazy\" decoding=\"async\" data-attachment-id=\"109\" data-permalink=\"https:\/\/www.fagforbundet468.com\/portal\/kontakt\/haftnotiz-kontakt\/\" data-orig-file=\"https:\/\/i0.wp.com\/www.fagforbundet468.com\/portal\/wp-content\/uploads\/kontakt_1.jpg?fit=499%2C500&amp;ssl=1\" data-orig-size=\"499,500\" data-comments-opened=\"1\" data-image-meta=\"{&quot;aperture&quot;:&quot;0&quot;,&quot;credit&quot;:&quot;Petra R\\u00f6der&quot;,&quot;camera&quot;:&quot;&quot;,&quot;caption&quot;:&quot;Haftnotiz kontakt&quot;,&quot;created_timestamp&quot;:&quot;0&quot;,&quot;copyright&quot;:&quot;(c) Pitopia \/ Petra R\\u00f6der, -0001&quot;,&quot;focal_length&quot;:&quot;0&quot;,&quot;iso&quot;:&quot;0&quot;,&quot;shutter_speed&quot;:&quot;0&quot;,&quot;title&quot;:&quot;haftnotiz kontakt&quot;,&quot;orientation&quot;:&quot;0&quot;}\" data-image-title=\"haftnotiz kontakt\" data-image-description=\"\" data-image-caption=\"&lt;p&gt;Haftnotiz kontakt&lt;\/p&gt;\n\" data-medium-file=\"https:\/\/i0.wp.com\/www.fagforbundet468.com\/portal\/wp-content\/uploads\/kontakt_1.jpg?fit=300%2C300&amp;ssl=1\" data-large-file=\"https:\/\/i0.wp.com\/www.fagforbundet468.com\/portal\/wp-content\/uploads\/kontakt_1.jpg?fit=499%2C500&amp;ssl=1\" class=\"size-thumbnail wp-image-109 alignright\" src=\"https:\/\/i0.wp.com\/www.fagforbundet468.com\/portal\/wp-content\/uploads\/kontakt_1.jpg?resize=150%2C150\" alt=\"Haftnotiz kontakt\" width=\"150\" height=\"150\" srcset=\"https:\/\/i0.wp.com\/www.fagforbundet468.com\/portal\/wp-content\/uploads\/kontakt_1.jpg?resize=150%2C150&amp;ssl=1 150w, https:\/\/i0.wp.com\/www.fagforbundet468.com\/portal\/wp-content\/uploads\/kontakt_1.jpg?resize=300%2C300&amp;ssl=1 300w, https:\/\/i0.wp.com\/www.fagforbundet468.com\/portal\/wp-content\/uploads\/kontakt_1.jpg?w=499&amp;ssl=1 499w\" sizes=\"auto, (max-width: 150px) 100vw, 150px\" \/><\/a><\/p>\n<p data-olk-copy-source=\"MessageBody\"><strong>Fagforbundet Helse Sydvest avd. 468<\/strong><br \/>\nc\/o Karmsundsgaten 120<br \/>\n5521 Haugesund<\/p>\n<p><strong>Telefon:<\/strong>\u00a052 73 20 80 |\u00a0<strong>Telefon:<\/strong>\u00a0483 41 517<\/p>\n<p><strong>Kontaktinformasjon Koordinerende Tillitsvalgt \/\u00a0Hovedtillitsvalgt:<\/strong><\/p>\n<p>Lise E. Mikalsen \u00d8vreb\u00f8, e-post \u00a0<a title=\"mailto:lisovr@ihelse.net\" href=\"mailto:lisovr@ihelse.net\" data-linkindex=\"6\">lisovr@ihelse.net<\/a>\u00a0\/\u00a0<a title=\"mailto:lise.eline.mikalsen.ovrebo@helse-fonna.no\" href=\"mailto:lise.eline.mikalsen.ovrebo@helse-fonna.no\" data-linkindex=\"7\">lise.eline.mikalsen.ovrebo@helse-fonna.no<\/a><br \/>\n<strong>Telefon: 456 73 708<\/strong><\/p>\n<p>\u00d8nsker du kontakt med andre i foreningen kan du se p\u00e5 v\u00e5r <a href=\"http:\/\/www.fagforbundet468.com\/portal\/testside\/styret\/\">styreoversikt<\/a> evt. oversikt over <a href=\"http:\/\/www.fagforbundet468.com\/portal\/tillitsvalgte\/\">tillitsvalgte<\/a><\/p>\n","protected":false},"excerpt":{"rendered":"<p>Fagforbundet Helse Sydvest avd. 468 c\/o Karmsundsgaten 120 5521 Haugesund Telefon:\u00a052 73 20 80 |\u00a0Telefon:\u00a0483 41 517 Kontaktinformasjon Koordinerende Tillitsvalgt \/\u00a0Hovedtillitsvalgt: Lise E. Mikalsen \u00d8vreb\u00f8,&#8230;<\/p>\n","protected":false},"author":2,"featured_media":0,"parent":0,"menu_order":2,"comment_status":"closed","ping_status":"closed","template":"","meta":{"jetpack_post_was_ever_published":false,"footnotes":""},"class_list":["post-19","page","type-page","status-publish","hentry"],"jetpack_sharing_enabled":true,"jetpack_shortlink":"https:\/\/wp.me\/P173ho-j","jetpack-related-posts":[{"id":17,"url":"https:\/\/www.fagforbundet468.com\/portal\/testside\/styret\/","url_meta":{"origin":19,"position":0},"title":"Styret","author":"Idar \u00c5dnesen","date":"7. september 2015","format":false,"excerpt":"Leder: Cecilie B. Handeland | E-post: cecilie.badsvik.handeland@helse-fonna.no Nestleder: Anne Margrethe Ulland| E-post: anne.margrethe.ulland@helse-fonna.no Kasserer: Hanne H\u00f8ie \u00a0| E-post: hanne.hoie@helse-fonna.no Booking Ansvarlig: Laura Lill Haavik | E-post: laura.lill.haavik@haugnett.no Sekret\u00e6r: K\u00e6rry Pettersen | E-post: k-pettersen@hotmail.com Oppl\u00e6ringsansvarlig: Astrid Behrends | E-post: astrid.behrends@helse-fonna.no Fane 2 Ansvarlig: Raghild Kj\u00f8llmoen Aar\u00f8 | E-post: rkj@karmoy.kommune.no Pensjonist Kontakt:\u2026","rel":"","context":"Liknende innlegg","block_context":{"text":"Liknende innlegg","link":""},"img":{"alt_text":"","src":"","width":0,"height":0},"classes":[]},{"id":27,"url":"https:\/\/www.fagforbundet468.com\/portal\/seksjoner\/shs\/","url_meta":{"origin":19,"position":1},"title":"HS","author":"Idar \u00c5dnesen","date":"7. september 2015","format":false,"excerpt":"Seksjon helse og sosial (SHS) er en av Fagforbundets fire seksjoner. Seksjonens hovedoppgaver er \u00e5 tilrettelegge for gode faglige og politiske rammer for seksjonens yrkesgrupper. Seksjonen lokalt her eget styre og eget budsjett som brukes til aktiviteter for medlemmene. Seksjonens leder lokalt: : Monica Normann - E-post: monica.normann@helse-fonna.no","rel":"","context":"Liknende innlegg","block_context":{"text":"Liknende innlegg","link":""},"img":{"alt_text":"","src":"","width":0,"height":0},"classes":[]},{"id":34,"url":"https:\/\/www.fagforbundet468.com\/portal\/tillitsvalgte\/","url_meta":{"origin":19,"position":2},"title":"Tillitsvalgte","author":"Idar \u00c5dnesen","date":"7. september 2015","format":false,"excerpt":"Foretakstillitsvalgt: Jorge Del Pino | Tlf:\u00a0 \u00a0 \u00a0 \u00a0 \u00a0| E-post: jorge.enrique.del.pino@helse-fonna.no Koordinerende tillitsvalgte\/HTV m\/frikj\u00f8p: Lise E. Mikalsen \u00d8vreb\u00f8 I E-post: lisovr@ihelse.net\u00a0\/\u00a0lise.eline.mikalsen.ovrebo@helse-fonna.no Stord | Birgitte Spiss\u00f8y Steinsland 20% | E-post: Valen | Gina Helland 25% | E-post: gina.helland@helse-fonna.no Plasstillitsvalgte: Klinikk for medisinske tjenester og beredskap: Radiologosik Avd og Behandlingshjelpemidler: Lise\u2026","rel":"","context":"Liknende innlegg","block_context":{"text":"Liknende innlegg","link":""},"img":{"alt_text":"","src":"","width":0,"height":0},"classes":[]},{"id":56,"url":"https:\/\/www.fagforbundet468.com\/portal\/leilighet\/for-du-reiser\/","url_meta":{"origin":19,"position":3},"title":"F\u00f8r du reiser","author":"Idar \u00c5dnesen","date":"13. september 2015","format":false,"excerpt":"N\u00e5r du har f\u00e5tt tildelt v\u00e5r leilighet p\u00e5 V\u00e5gslid er det diverse sm\u00e5ting som m\u00e5 sjekkes\/ordnes f\u00f8r du reiser. N\u00f8kkel hentes og leveres etter avtale. Er det noe som skal fraktes opp? Lurt \u00e5 ta med: senget\u00f8y, h\u00e5ndkl\u00e6r, toalettpapir og ved\/briketter til eget bruk. T-lys, kaffe\/te, krydder, mel, t\u00f8rkerull, mat\u2026","rel":"","context":"Liknende innlegg","block_context":{"text":"Liknende innlegg","link":""},"img":{"alt_text":"","src":"","width":0,"height":0},"classes":[]},{"id":2,"url":"https:\/\/www.fagforbundet468.com\/portal\/testside\/","url_meta":{"origin":19,"position":4},"title":"Info","author":"Admin","date":"3. september 2015","format":false,"excerpt":"Fagforbundet er LOs st\u00f8rste forbund, med over 355 000 medlemmer. V\u00e5r\u00a0hovedoppgave er \u00e5 sikre medlemmene gode og trygge l\u00f8nns- og arbeidsvilk\u00e5r. Som landets st\u00f8rste arbeidstakerorganisasjon har vi ogs\u00e5 tyngde og politisk gjennomslagskraft til \u00e5 styrke og videreutvikle velferdsstaten. Fagforbundet organiserer arbeidstakere i kommunale, fylkeskommunale, statlige, private og offentlige virksomheter og\u2026","rel":"","context":"Liknende innlegg","block_context":{"text":"Liknende innlegg","link":""},"img":{"alt_text":"","src":"","width":0,"height":0},"classes":[]},{"id":31,"url":"https:\/\/www.fagforbundet468.com\/portal\/pensjonist\/","url_meta":{"origin":19,"position":5},"title":"Pensjonist","author":"Idar \u00c5dnesen","date":"7. september 2015","format":false,"excerpt":"Fagforbundet avd. 468 har en egen pensjonistforening som treffes for sosialt og nyttig p\u00e5fyll av informasjon flere ganger i \u00e5ret. Pensjonistkontakten i foreningen er fullverdig styremedlem og er pensjonistenes lange arm inn i styret. M\u00f8tedatoer 2022 for pensjonistforeningen finner du her Pensjonistforeningen pr\u00f8ver ogs\u00e5 \u00e5 arrangere turer hvert \u00e5r der\u2026","rel":"","context":"Liknende innlegg","block_context":{"text":"Liknende innlegg","link":""},"img":{"alt_text":"","src":"","width":0,"height":0},"classes":[]}],"_links":{"self":[{"href":"https:\/\/www.fagforbundet468.com\/portal\/wp-json\/wp\/v2\/pages\/19","targetHints":{"allow":["GET"]}}],"collection":[{"href":"https:\/\/www.fagforbundet468.com\/portal\/wp-json\/wp\/v2\/pages"}],"about":[{"href":"https:\/\/www.fagforbundet468.com\/portal\/wp-json\/wp\/v2\/types\/page"}],"author":[{"embeddable":true,"href":"https:\/\/www.fagforbundet468.com\/portal\/wp-json\/wp\/v2\/users\/2"}],"replies":[{"embeddable":true,"href":"https:\/\/www.fagforbundet468.com\/portal\/wp-json\/wp\/v2\/comments?post=19"}],"version-history":[{"count":19,"href":"https:\/\/www.fagforbundet468.com\/portal\/wp-json\/wp\/v2\/pages\/19\/revisions"}],"predecessor-version":[{"id":1125,"href":"https:\/\/www.fagforbundet468.com\/portal\/wp-json\/wp\/v2\/pages\/19\/revisions\/1125"}],"wp:attachment":[{"href":"https:\/\/www.fagforbundet468.com\/portal\/wp-json\/wp\/v2\/media?parent=19"}],"curies":[{"name":"wp","href":"https:\/\/api.w.org\/{rel}","templated":true}]}}

<p><a href="https://i0.wp.com/www.fagforbundet468.com/portal/wp-content/uploads/kontakt_1.jpg"><img data-recalc-dims="1" loading="lazy" decoding="async" data-attachment-id="109" data-permalink="https://www.fagforbundet468.com/portal/kontakt/haftnotiz-kontakt/" data-orig-file="https://i0.wp.com/www.fagforbundet468.com/portal/wp-content/uploads/kontakt_1.jpg?fit=499%2C500&amp;ssl=1" data-orig-size="499,500" data-comments-opened="1" data-image-meta="{&quot;aperture&quot;:&quot;0&quot;,&quot;credit&quot;:&quot;Petra R\u00f6der&quot;,&quot;camera&quot;:&quot;&quot;,&quot;caption&quot;:&quot;Haftnotiz kontakt&quot;,&quot;created_timestamp&quot;:&quot;0&quot;,&quot;copyright&quot;:&quot;(c) Pitopia / Petra R\u00f6der, -0001&quot;,&quot;focal_length&quot;:&quot;0&quot;,&quot;iso&quot;:&quot;0&quot;,&quot;shutter_speed&quot;:&quot;0&quot;,&quot;title&quot;:&quot;haftnotiz kontakt&quot;,&quot;orientation&quot;:&quot;0&quot;}" data-image-title="haftnotiz kontakt" data-image-description="" data-image-caption="&lt;p&gt;Haftnotiz kontakt&lt;/p&gt;
" data-medium-file="https://i0.wp.com/www.fagforbundet468.com/portal/wp-content/uploads/kontakt_1.jpg?fit=300%2C300&amp;ssl=1" data-large-file="https://i0.wp.com/www.fagforbundet468.com/portal/wp-content/uploads/kontakt_1.jpg?fit=499%2C500&amp;ssl=1" class="size-thumbnail wp-image-109 alignright" src="https://i0.wp.com/www.fagforbundet468.com/portal/wp-content/uploads/kontakt_1.jpg?resize=150%2C150" alt="Haftnotiz kontakt" width="150" height="150" srcset="https://i0.wp.com/www.fagforbundet468.com/portal/wp-content/uploads/kontakt_1.jpg?resize=150%2C150&amp;ssl=1 150w, https://i0.wp.com/www.fagforbundet468.com/portal/wp-content/uploads/kontakt_1.jpg?resize=300%2C300&amp;ssl=1 300w, https://i0.wp.com/www.fagforbundet468.com/portal/wp-content/uploads/kontakt_1.jpg?w=499&amp;ssl=1 499w" sizes="auto, (max-width: 150px) 100vw, 150px" /></a></p>
<p data-olk-copy-source="MessageBody"><strong>Fagforbundet Helse Sydvest avd. 468</strong><br />
c/o Karmsundsgaten 120<br />
5521 Haugesund</p>
<p><strong>Telefon:</strong> 52 73 20 80 | <strong>Telefon:</strong> 483 41 517</p>
<p><strong>Kontaktinformasjon Koordinerende Tillitsvalgt / Hovedtillitsvalgt:</strong></p>
<p>Lise E. Mikalsen Øvrebø, e-post  <a title="mailto:lisovr@ihelse.net" href="mailto:lisovr@ihelse.net" data-linkindex="6">lisovr@ihelse.net</a> / <a title="mailto:lise.eline.mikalsen.ovrebo@helse-fonna.no" href="mailto:lise.eline.mikalsen.ovrebo@helse-fonna.no" data-linkindex="7">lise.eline.mikalsen.ovrebo@helse-fonna.no</a><br />
<strong>Telefon: 456 73 708</strong></p>
<p>Ønsker du kontakt med andre i foreningen kan du se på vår <a href="http://www.fagforbundet468.com/portal/testside/styret/">styreoversikt</a> evt. oversikt over <a href="http://www.fagforbundet468.com/portal/tillitsvalgte/">tillitsvalgte</a></p>

<p>Fagforbundet Helse Sydvest avd. 468 c/o Karmsundsgaten 120 5521 Haugesund Telefon: 52 73 20 80 | Telefon: 483 41 517 Kontaktinformasjon Koordinerende Tillitsvalgt / Hovedtillitsvalgt: Lise E. Mikalsen Øvrebø,&#8230;</p>

Idar Ådnesen

Leder: Cecilie B. Handeland | E-post: cecilie.badsvik.handeland@helse-fonna.no Nestleder: Anne Margrethe Ulland| E-post: anne.margrethe.ulland@helse-fonna.no Kasserer: Hanne Høie  | E-post: hanne.hoie@helse-fonna.no Booking Ansvarlig: Laura Lill Haavik | E-post: laura.lill.haavik@haugnett.no Sekretær: Kærry Pettersen | E-post: k-pettersen@hotmail.com Opplæringsansvarlig: Astrid Behrends | E-post: astrid.behrends@helse-fonna.no Fane 2 Ansvarlig: Raghild Kjøllmoen Aarø | E-post: rkj@karmoy.kommune.no Pensjonist Kontakt:…

Seksjon helse og sosial (SHS) er en av Fagforbundets fire seksjoner. Seksjonens hovedoppgaver er å tilrettelegge for gode faglige og politiske rammer for seksjonens yrkesgrupper. Seksjonen lokalt her eget styre og eget budsjett som brukes til aktiviteter for medlemmene. Seksjonens leder lokalt: : Monica Normann - E-post: monica.normann@helse-fonna.no

Foretakstillitsvalgt: Jorge Del Pino | Tlf:         | E-post: jorge.enrique.del.pino@helse-fonna.no Koordinerende tillitsvalgte/HTV m/frikjøp: Lise E. Mikalsen Øvrebø I E-post: lisovr@ihelse.net / lise.eline.mikalsen.ovrebo@helse-fonna.no Stord | Birgitte Spissøy Steinsland 20% | E-post: Valen | Gina Helland 25% | E-post: gina.helland@helse-fonna.no Plasstillitsvalgte: Klinikk for medisinske tjenester og beredskap: Radiologosik Avd og Behandlingshjelpemidler: Lise…

Før du reiser

Når du har fått tildelt vår leilighet på Vågslid er det diverse småting som må sjekkes/ordnes før du reiser. Nøkkel hentes og leveres etter avtale. Er det noe som skal fraktes opp? Lurt å ta med: sengetøy, håndklær, toalettpapir og ved/briketter til eget bruk. T-lys, kaffe/te, krydder, mel, tørkerull, mat…

Fagforbundet er LOs største forbund, med over 355 000 medlemmer. Vår hovedoppgave er å sikre medlemmene gode og trygge lønns- og arbeidsvilkår. Som landets største arbeidstakerorganisasjon har vi også tyngde og politisk gjennomslagskraft til å styrke og videreutvikle velferdsstaten. Fagforbundet organiserer arbeidstakere i kommunale, fylkeskommunale, statlige, private og offentlige virksomheter og…

Fagforbundet avd. 468 har en egen pensjonistforening som treffes for sosialt og nyttig påfyll av informasjon flere ganger i året. Pensjonistkontakten i foreningen er fullverdig styremedlem og er pensjonistenes lange arm inn i styret. Møtedatoer 2022 for pensjonistforeningen finner du her Pensjonistforeningen prøver også å arrangere turer hvert år der…
